 what is 33012 - 2?
33010
In base 3, what is 122 + 11?
210
In base 9, what is -4727 - -3?
-4724
In base 9, what is 0 + 60?
60
In base 9, what is 1 - -1382?
1383
In base 4, what is -10 - -1121302?
1121232
In base 4, what is -10 + -1132222?
-1132232
In base 14, what is 2 + 54?
56
In base 4, what is 22 + 1301?
1323
In base 10, what is -1 - 3425?
-3426
In base 3, what is -111 + -1120?
-2001
In base 4, what is -112 + -13?
-131
In base 16, what is -3 - 1765?
-1768
In base 3, what is 210001 - 0?
210001
In base 5, what is 0 + -21340?
-21340
In base 9, what is -11 - -5?
-5
In base 11, what is -3 + -95a?
-962
In base 9, what is 2 + -1533?
-1531
In base 12, what is -12b + -2?
-131
In base 16, what is 9 - -18?
21
In base 8, what is -23 - -2547?
2524
In base 13, what is -8 + 1c3?
1b8
In base 11, what is -8954 - 1?
-8955
In base 16, what is 0 + -48?
-48
In base 14, what is 5b + -c?
4d
In base 6, what is -2 - 242?
-244
In base 7, what is 145 - -160?
335
In base 16, what is -5 - -35?
30
In base 3, what is -2 - 20010?
-20012
In base 2, what is 11001001 + 1100?
11010101
In base 14, what is 3 - -643?
646
In base 10, what is 55 + 7?
62
In base 14, what is -4 - -224a?
2246
In base 5, what is 44 + -1223?
-1124
In base 3, what is 1101 + 12?
1120
In base 7, what is -4262 - -3?
-4256
In base 15, what is -54 - d?
-62
In base 16, what is -4 + -14?
-18
In base 8, what is -3 + 532?
527
In base 15, what is -6 - 92c?
-933
In base 8, what is 157 - -43?
222
In base 6, what is -132310 + -5?
-132315
In base 13, what is 2 - c1c?
-c1a
In base 10, what is -8 - 161?
-169
In base 5, what is 1 - -1040?
1041
In base 2, what is -11 - -11011011110?
11011011011
In base 3, what is -121 - -11?
-110
In base 11, what is -1 - 52?
-53
In base 11, what is -73 - 0?
-73
In base 5, what is 20 - -2332?
2402
In base 5, what is -40310 - 14?
-40324
In base 2, what is -100111001 + 0?
-100111001
In base 2, what is 101 + 10010?
10111
In base 6, what is -425 - -23?
-402
In base 4, what is 203 - -1110?
1313
In base 15, what is 0 + -c?
-c
In base 2, what is -10 + 1000111100101?
1000111100011
In base 9, what is -36077 - -2?
-36075
In base 15, what is 10 + -2c6?
-2b6
In base 10, what is -61 + 0?
-61
In base 12, what is 567 + -5?
562
In base 11, what is -625 - -1?
-624
In base 11, what is 17719 + 4?
17722
In base 14, what is 42a - 2?
428
In base 14, what is 3 + 2a?
2d
In base 11, what is -69 - -2?
-67
In base 5, what is 41433 - -1?
41434
In base 13, what is -6 - -c?
6
In base 16, what is -10 + 2e?
1e
In base 3, what is -110 - 12201?
-20011
In base 11, what is -69 - 1?
-6a
In base 4, what is 1321 + 0?
1321
In base 16, what is -5 + -91?
-96
In base 16, what is ee - 3?
eb
In base 3, what is 1102 + -1102?
0
In base 11, what is 21 + 1?
22
In base 6, what is -30 + -10?
-40
In base 2, what is 101010 + 10?
101100
In base 3, what is 1 - -2010?
2011
In base 16, what is c + -1?
b
In base 12, what is 19 - 15a?
-141
In base 12, what is 3 + -2176?
-2173
In base 14, what is 476c - 3?
4769
In base 3, what is -12 - 2110?
-2122
In base 3, what is -12 + 110?
21
In base 12, what is 3 + 0?
3
In base 15, what is -5 + -cc5?
-cca
In base 2, what is 1011001001 - -101?
1011001110
In base 2, what is -101 + -111?
-1100
In base 4, what is -111 - 2?
-113
In base 12, what is 6a + -43?
27
In base 4, what is 0 + -200220?
-200220
In base 11, what is 318a + 6?
3195
In base 4, what is 10 - 3223?
-3213
In base 13, what is -31 + 0?
-31
In base 6, what is -105420 - -2?
-105414
In base 11, what is -6 - -42?
37
In base 16, what is 39 - 5?
34
In base 14, what is -5da4 - -5?
-5d9d
In base 15, what is 52 - 8?
49
In base 7, what is 3602 + 4?
3606
In base 6, what is -3 - -224?
221
In base 10, what is 701 - -4?
705
In base 11, what is 5 + -722?
-718
In base 9, what is 18 - 161?
-142
In base 8, what is 5 - -67?
74
In base 10, what is -722 + -3?
-725
In base 15, what is -b - 10?
-1b
In base 15, what is -33d + -23?
-361
In base 6, what is -2 + 13210?
13204
In base 7, what is -1 + -1514?
-1515
In base 3, what is 21 - -2?
100
In base 2, what is -10010001 + -1010?
-10011011
In base 13, what is a - -66?
73
In base 8, what is 60 + -1?
57
In base 3, what is 1100 - -12?
1112
In base 10, what is -5 - -155?
150
In base 3, what is -21 + -20200?
-20221
In base 3, what is -2001112 - 0?
-2001112
In base 11, what is -1728 + -1?
-1729
In base 14, what is 1b + 2a?
47
In base 6, what is 44133 + -3?
44130
In base 12, what is -9 + 0?
-9
In base 9, what is -66 - 4?
-71
In base 16, what is -8f - 0?
-8f
In base 4, what is 20 + -310010?
-303330
In base 12, what is -8 - 15?
-21
In base 5, what is -1011 - -243?
-213
In base 5, what is -1010 + -2?
-1012
In base 9, what is -2 + -38?
-41
In base 3, what is 11 + -1002?
-221
In base 13, what is -4 - -2a?
26
In base 15, what is -1 + 2b5?
2b4
In base 10, what is -48 + 28?
-20
In base 7, what is 1113 - 1?
1112
In base 3, what is 1 + 11100202?
11100210
In base 10, what is -68 + -3?
-71
In base 6, what is 2 - -154?
200
In base 4, what is 10 + 2?
12
In base 6, what is 43 + -110?
-23
In base 5, what is -2012 - 2?
-2014
In base 5, what is -2 + -33223?
-33230
In base 11, what is -894 - 7?
-8a0
In base 16, what is 104d - 1?
104c
In base 15, what is 2 + 247?
249
In base 12, what is -1 + -36?
-37
In base 12, what is 18 - -b3?
10b
In base 12, what is 3a + 0?
3a
In base 5, what is 1 + -42441?
-42440
In base 2, what is -101 + -1001010101001?
-1001010101110
In base 9, what is -142 - 45?
-187
In base 6, what is -2014 - -11?
-2003
In base 11, what is -116 + -1?
-117
In base 4, what is -32313 - -3?
-32310
In base 7, what is -1043 + -41?
-1114
In base 7, what is -3355 - 1?
-3356
In base 14, what is 83 - 2?
81
In base 10, what is -2 + 22?
20
In base 2, what is 1 - 100101111?
-100101110
In base 7, what is -15 + -5?
-23
In base 15, what is 6c - 2?
6a
In base 3, what is -2012 - -10?
-2002
In base 16, what is 1 - -7e?
7f
In base 13, what is -5 + -3998?
-39a0
In base 4, what is 10 + -1000?
-330
In base 15, what is -16 - -8?
-d
In base 15, what is -3 - -29e?
29b
In base 16, what is -c8 - 8?
-d0
In base 4, what is -30221 + 3?
-30212
In base 6, what is 1 + -541?
-540
In base 11, what is -858 - 5?
-862
In base 8, what is -101 - -1?
-100
In base 10, what is 8 + 128?
136
In base 16, what is 1 + 47?
48
In base 13, what is 15 + -50?
-38
In base 5, what is 1024 + -3?
1021
In base 6, what is -114 + 151?
33
In base 12, what is -8 + 76?
6a
In base 16, what is 5 + -50?
-4b
In base 2, what is 0 - 1111010101?
-1111010101
In base 15, what is -c3 - -6?
-bc
In base 7, what is -165 - 13?
-211
In base 13, what is 34 + 3?
37
In base 12, what is 284 - -5?
289
In base 4, what is 1 - -10200?
10201
In base 12, what is 2 - a34?
-a32
In base 16, what is -9 + 4?
-5
In base 7, what is 2122 + -11?
2111
In base 4, what is -20 + 13003?
12323
In base 13, what is 3 - -22?
25
In base 9, what is -48 + -260?
-318
In base 2, what is 1101100 + -101?
1100111
In base 16, what is 2a - -2e?
58
In base 4, what is 10 + 1112?
1122
In base 5, what is -24 - -443?
414
In base 7, what is 21 - 1600?
-1546
In base 7, what is -3 + -10?
-13
In base 10, what is 9 - -48?
57
In base 2, what is 110100000 + -11?
110011101
In base 14, what is -a10b + 0?
-a10b
In base 7, what is 422 + -15?
404
In base 14, what is c5 + -1?
c4
In base 11, what is -312 - -1?
-311
In base 12, what is -3298 - -4?
-3294
In base 7, what is -1256 + -11?
-1300
In base 11, what is -5 + 28?
23
In base 9, what is 3 + 2180?
2183
In base 9, what is 10 - -22?
32
In base 11, what is -2 - 536?
-538
In base 14, what is a1 - 5?
9a
In base 11, what is -4 + 7a?
76
In base 2, what is 1 + 110110101?
110110110
In base 11, what is -3a0 - 5?
-3a5
In base 15, what is -8 + -3?
-b
In base 7, what is -25 - -15?
-10
In base 16, what is -56a7 - -1?
-56a6
In base 6, what is 2 - -121?
123
In base 9, what is -60 + 22?
-37
In base 2, what is 1100001 - 111?
1011010
In base 6, what is 4254 - -1?
4255
In base 2, what is 100 - -110101?
111001
In base 13, what is -93 + 0?
-93
In base 2, what is 10001 - 1001?
1000
In base 11, what is -2 - 1a0?
-1a2
In base 15, what is 3a + -4?
36
In base 8, what is -20 + -26?
-46
In base 8, what is 21 + 5?
26
In base 6, what is 2444 - 0?
2444
In base 14, what is 1 - -26c?
26d
In base 4, what is -1 + 31?
30
In base 10, what is 468 + -6?
462
In 